5))/(3/15).
8
Let o(c) be the first derivative of -c**3/3 + 37*c**2/2 - 139*c - 76. Calculate the remainder when o(22) is divided by 29.
17
Let x = -75 + 188. Let y = 111 - 82. Suppose 0*t + t = y. Calculate the remainder when x is divided by t.
26
Let t = 10591 + -10341. What is the remainder when 742 is divided by t?
242
Let i = 68 - 14. Suppose -4*f = 2*n - 66, 2*n - 12 = -2*f + i. What is the remainder when n is divided by (6/6)/(1/5)?
3
Suppose 0 = 3*i - r - 32, 4*r = -3*i - r + 56. Let j(q) = -q**3 - 27*q**2 - 31*q + 47. What is the remainder when j(-26) is divided by i?
9
Suppose -2*z + 27 = -3. Calculate the remainder when ((-20)/(-75))/(2/(-5)) - 12934/(-87) is divided by z.
13
Let y be 15/4 - 3/(-12). Let d be (1 - 0)/((-3)/(-15)). Suppose 166 = d*n + 4*m, y*n + m - 116 = 2*m. What is the remainder when n is divided by 12?
6
Suppose 3*g = 5*k - 1142, -3*k = -0*k - 3*g - 690. Let t = -131 + k. Calculate the remainder when t is divided by 17.
10
Suppose 0 = 2*y - 2 + 8. What is the remainder when 3 - 9/3 - -18 is divided by (-1 - 20)*1/y?
4
Let z(t) = -t**2 + 4*t - 2. Let r be z(3). Let y(b) = 553*b**2 - 1. Let f be y(r). What is the remainder when (3/2)/(18/f) is divided by 8?
6
Let k = 131 - 81. What is the remainder when (985/(-15))/(2/(-12)) is divided by k?
44
Suppose -4*r + 3*i + 489 = 0, 0 = 5*r - 5*i - 485 - 130. What is the remainder when 1797 is divided by r?
117
What is the remainder when 774 is divided by (-1)/((-16 + -6)/4246)?
2
Let k = 457 - 471. What is the remainder when 112 is divided by ((-20)/k)/(1/14)?
12
What is the remainder when 212 is divided by (9 - 18) + 15 - ((3 - 3) + -132)?
74
Let s(g) = g**2 - 372*g + 2940. What is the remainder when 722 is divided by s(8)?
22
Suppose -4*r - 126 = 3*y, -148 = 3*y - 5*r + 5. Let q = 38 - y. What is the remainder when q is divided by 18?
12
Let r = 1287 + -1208. Let l be 4*(2 + 81/12). Suppose -3*z + 51 = 4*y - l, 3*y - 54 = 3*z. Calculate the remainder when r is divided by y.
19
Suppose -28 - 24 = -4*s. Let b = s + -8. What is the remainder when 2*1 + (50 - 29) is divided by b?
3
Let l = -4008 - -4068. What is the remainder when 238 is divided by l?
58
Suppose 3*n = -u - 7, n - 5*u = -10 + 29. Calculate the remainder when 294 is divided by (6 - -31)*n*-1.
35
Let n = -120 + 125. Suppose n*d = -4*l + 5 + 20, -d + 27 = 3*l. Calculate the remainder when 1358/8 - (-27)/(-36) is divided by l.
9
Calculate the remainder when (6/(-3) - -1)/((-40)/2520) is divided by 24.
15
Let a = -20 + 44. Let v(b) = 2*b - 38. Let r be v(21). Suppose r + 5 = k. Calculate the remainder when a is divided by k.
6
Suppose 0 = 28*s - 694 - 1238. Suppose m - 6*m = 15, 0 = -2*o + m + s. Calculate the remainder when 82 is divided by o.
16
Let r = 3128 + -2557. What is the remainder when r is divided by 56?
11
Let o(l) = l**2 - 5*l. Let u be o(5). Suppose -b = -2*a - 12, 4*b - 2*b - 2*a - 24 = u. Let s = -69042 + 69050. Calculate the remainder when b is divided by s.
4
Let h = -5844 - -6513. Calculate the remainder when h is divided by 181.
126
Let c(v) = -v**3 + 73*v**2 - 192*v - 135. What is the remainder when c(70) is divided by 70?
5
Let y(u) = 4*u + 15. Let g be y(-3). Suppose 2*v + 2*f - 124 = -2*v, 2*f = g*v - 86. What is the remainder when (-3)/(-2)*172/3 is divided by v?
26
Suppose 3*n - 2459 = g, 0 = 68*n - 69*n + 2*g + 818. What is the remainder when n is divided by 93?
76
Calculate the remainder when 109250/55 + 44/(-121) + 12 is divided by 23.
20
Let r(v) = 1. Let d(q) = -q**2 - 5*q - 1. Let w be d(-5). Let m(o) = o - 11. Let s(b) = w*m(b) - 2*r(b). What is the remainder when 32 is divided by s(0)?
5
Let k(o) = -o**3 - 2*o**2 + 10*o + 5. Let c be k(-4). Let i be 55*c*(-15 + 14). Suppose 0 = -15*g + 45 + i. What is the remainder when 53 is divided by g?
11
Suppose 4416 + 932 = 11*b + 915. Calculate the remainder when b is divided by 205.
198
Let v(x) = x**2 - 17*x + 32. Let i be v(15). Let l = 22 + i. Suppose -7*z - l = -206. What is the remainder when 76 is divided by z?
24
Let h = 4308 - -688. What is the remainder when h is divided by 41?
35
Suppose -23*b - 5221 = -10948. What is the remainder when b is divided by 31?
1
Let h(n) = -11*n - 182. Let g be h(-16). What is the remainder when (-1 + 0)*(-18 - g) is divided by 7?
5
Suppose -1284 - 4018 - 2026 = -16*a. Calculate the remainder when 2296 is divided by a.
6
Let j(m) = -m**3 + m**2 + 2*m + 19. Let s = -688 + 688. What is the remainder when 51 is divided by j(s)?
13
Suppose -55*d + 52*d + 3 = 0. What is the remainder when 73 is divided by d*(4 - -1) + 2?
3
Let l(j) = 16*j - 29. Let s be l(3). Let b(n) = -n**2 + 24*n - 82. Calculate the remainder when 36 is divided by b(s).
10
Suppose -3*x + 879 = 5*c, -51*x + 395 = 2*c - 56*x. Calculate the remainder when c is divided by 95.
85
Let i = -304 - -434. Suppose 699*l + 133 = 1988 + 5834. What is the remainder when i is divided by l?
9
Let h = -241 + 252. Let i(c) = -c**3 + 5*c**2 + 6. Let v be i(5). Let a = h + v. Calculate the remainder when a is divided by 6.
5
Let t = -14954 + 14962. Calculate the remainder when 10429 is divided by t.
5
Let j(i) = i**3 - i**2 - i + 130. Let f be j(0). Let m = f + -50. Let l = -1867 + 1895. Calculate the remainder when m is divided by l.
24
Let f(z) = -2*z**3 + 43*z**2 - 38*z - 187. What is the remainder when f(20) is divided by 121?
11
Suppose -o - 598 = -2*l - 2*l, 760 = 5*l + 5*o. Calculate the remainder when l - (33/(-264) - 9/(-8)) is divided by 26.
19
Let k = 53 - 38. Let p = -22 + 26. Suppose 5*h + v = 21, p*h - 4*v - k = -3*v. Calculate the remainder when 5 is divided by h.
1
What is the remainder when 3723 is divided by (1/(-3))/(172/(-258))*14?
6
Suppose 22*d = -49 + 357. Calculate the remainder when 136 is divided by (-7)/d*4/6*-69.
21
What is the remainder when (-351)/(-1) + ((-2)/12)/((-2)/(-12)) is divided by 8?
6
Suppose -4*w = -3*g + 859 + 4011, -6498 = -4*g + 3*w. Calculate the remainder when g is divided by 269.
12
Suppose -9 = 2*l - 3. Calculate the remainder when (24/16)/(l/(-220)) is divided by 37.
36
Let n(b) = -2*b**3 + 3*b**2 + 2*b - 17. Let f be n(5). Let z = -103 - f. What is the remainder when z is divided by 22?
13
Let w = 548 + -1037. Let o = -393 - w. Calculate the remainder when o is divided by 7.
5
Let l be (-552)/4*2/(-4). Let r be (14 - 14) + 5/((-5)/(-86)). Let n = r - l. What is the remainder when 203 is divided by n?
16
Let t = -309 + 606. Suppose -259 = 2*y - t. What is the remainder when 56 is divided by y?
18
Let d = -22836 - -22955. What is the remainder when 156 is divided by d?
37
Suppose -238 = -5*c - 3*r - 13, -c + 3*r = -27. Let p(h) = 11*h + 221. What is the remainder when p(-18) is divided by (-46)/(-7) - (-18)/c?
2
Let r(w) = -4*w - 31. Let b(h) = 8*h + 63. Let a(x) = 2*b(x) + 5*r(x). Suppose n - l - 40 = l, 5*l = 5. What is the remainder when n is divided by a(-10)?
9
Suppose -4*y - 4*l + 289 = -139, 95 = y - l. What is the remainder when y is divided by 34?
33
Let t(r) = 23*r**2 - 208*r - 123. Calculate the remainder when 762 is divided by t(11).
18
Let u(z) be the first derivative of -7*z**3/3 - 10*z**2 + 8*z - 2. Let j be u(-8). Let l = j - -469. What is the remainder when l is divided by 38?
37
Suppose -3*z + 135 = -90. Suppose -3133 = -376*n + 2883. Calculate the remainder when z is divided by n.
11
Let w(h) be the third derivative of h**6/60 - h**5/12 + 19*h**4/24 - 13*h**3/3 - 212*h**2. What is the remainder when w(5) is divided by 13?
12
Suppose -4*h - b + 28 = 0, b - 3 = 2*h - 11. Calculate the remainder when 43 is divided by (-6)/h*46/(-2).
20
Let y(g) be the third derivative of g**5/30 + 5*g**4/12 - 5*g**3/2 - 130*g**2. Calculate the remainder when 494 is divided by y(3).
32
Let y be ((-3)/2)/1*(5 + -7). Suppose -y*p + 466 = 2*k - 7*p, -p = 0. What is the remainder when k is divided by 59?
56
Let q(f) = -6*f - 2. Let c be q(4). Let n(z) = z**3 + 25*z**2 - 32*z - 15. Calculate the remainder when n(c) is divided by 9.
6
Let g(j) = j**2 - 44*j - 237. What is the remainder when g(53) is divided by 11?
9
Suppose 0 = -u - 3*a - 4, 0*u + 3*a + 20 = -5*u. What is the remainder when (-118)/(-2) + 2 + u is divided by 32?
25
Suppose -a = -v + 97, -104 = -v + 5*a + 9. Suppose 0 = -4*i - 4*u + v - 5, -1 = 